11*j + v = 0. Is j composite?
True
Let y(h) = 178*h**2 - 19*h + 107. Is y(10) a prime number?
False
Let k = 20 + -14. Suppose 2*f + k = 2*r, f - 9 = -3*r + 2*f. Suppose 0 = -r*o + b + 541, 0 = -2*o + 5*o - 2*b - 545. Is o composite?
False
Suppose 0 = 9*r - 0*r + 7398. Let z = -587 - r. Is z composite?
True
Suppose -5*v = 5*w - 2255, 28 - 924 = -2*w - 4*v. Let y = w - 251. Is y a composite number?
True
Let p = 1225 + -348. Is p prime?
True
Suppose 27*k - 29*k + 1320 = 0. Suppose -79 = x + 372. Let s = x + k. Is s composite?
True
Suppose 0 = 2*s + 3*o - 1 - 2, -4*o - 16 = -4*s. Suppose 0 = s*n + 2*n - 1515. Is n a composite number?
True
Is -7 + 12*3852/3 prime?
True
Let q(w) = 54*w + 12. Let k be q(-7). Let l = k - -659. Is l a prime number?
True
Let l = 34902 + -24805. Is l prime?
False
Let j(r) = 125*r**2 + 8 + 2*r - 6*r - 3 + 0*r. Is j(-6) a prime number?
False
Let c(h) = 6*h**2 - h + 4. Let i = 58 + -64. Is c(i) a prime number?
False
Let h be (-3876)/(-24)*(40 + -2). Suppose 0 = 13*i - 6330 - h. Is i composite?
True
Suppose 0 = -4*w - 5*z + 37, 3*w = 4*z + 20 - 0. Suppose 0 = 5*v - 5*k - 65, -v - v = 4*k - w. Suppose -v*m = -11*m + 10. Is m composite?
True
Suppose 24*p - 22*p = -6*c + 4430, 4*c = -5*p + 11097. Is p composite?
False
Suppose -4*t + 1942 = -5*g, -3*t + 2432 = 2*t - 4*g. Suppose 5*c = 2*c + 5*k + t, 5*c + 5*k = 800. Is c prime?
False
Let r = -17 + 24. Suppose -r*q + 3*q - 3160 = 0. Let o = 1111 + q. Is o a composite number?
True
Is (8059*(-6 + 4))/(2*-1) composite?
False
Is (-5)/(((-16)/(-4))/(-6332)) a prime number?
False
Let h = -24 + 26. Suppose y - 3*k + 6*k = 156, -h*y + k + 277 = 0. Let r = y + -8. Is r composite?
True
Let x(z) = z**3 + z**2 + z - 1. Let c(h) = -390*h**3 - 5*h**2 + 9. Let i(v) = c(v) + 4*x(v). Is i(-1) a prime number?
False
Suppose -5*x + 2*p + 45463 = 0, -728 = -x - 5*p + 8343. Is x composite?
False
Let z be -5*(-3 - 44/(-20)). Suppose 0 = 5*f + z*f - 7659. Is f a composite number?
True
Suppose -3 = -4*z - 15. Suppose 0 = -2*r - 83 - 137. Is (2 - 3)*(r + z) prime?
True
Let b = -5993 + 13994. Suppose -b = -c - 8*c. Is c composite?
True
Let w = 1047 + -405. Suppose -29*j + 26*j + w = 0. Suppose -2*y = 2*d - j, 5*y - 198 - 341 = -3*d. Is y prime?
True
Let b(v) = v**3 - 4*v**2 + v - 2. Suppose -4*a = 8, -2*s + 2 = 5*a + 4. Let f be b(s). Suppose 3*o - f*u = -6*u + 171, -3*u + 9 = 0. Is o composite?
False
Let m(w) = -2*w**3 + 11*w**2 - 21*w + 11. Let o be m(6). Suppose 4*n - n = -3*y, -2*n - 5*y = -6. Is (0 + (o - n))/(-1) a composite number?
False
Suppose 30023 = 3*y + j, 20*y - 5*j + 50045 = 25*y. Is y composite?
False
Let n = 346 + 581. Suppose 0 = -r - 5*x + 297, 3*r = 2*x + x + n. Is r composite?
False
Let r = -3175 - -4456. Suppose h - 225 = r. Suppose -4*p = -10*p + h. Is p composite?
False
Let n be ((-2)/6 - -1)*3. Suppose 3*t = -n*t + 80. Suppose 17*o = t*o + 85. Is o composite?
True
Suppose -13*l + 8607 = -46006. Is l composite?
False
Let l = 1 + -2. Let i be (2 + (0 - 3))*l. Is ((2 - i)*-37)/(-1) a prime number?
True
Let c(o) = 1358*o - 19. Let l(t) = -679*t + 9. Let x(u) = 6*c(u) + 13*l(u). Is x(-2) a prime number?
True
Let k be 99/22*2/3. Suppose -165 = k*c + 159. Let i = c - -191. Is i a prime number?
True
Let d = 41 - 39. Is d + (-16)/7 - (-43734)/42 composite?
True
Let m(p) = p**3 + 13*p**2 + p + 10. Let b be m(-13). Let n be b/((-3)/19 - 0). Is (-41 + 3)/((-2)/n) a composite number?
True
Let s be (-2)/(-4)*(12 - -16). Let a(i) = 4*i**2 + 5*i + 5. Is a(s) composite?
False
Suppose -7*p + 2*p - 1955 = -5*z, 0 = 5*z + p - 1955. Is z composite?
True
Suppose 5*h + 5*x + 5 = 0, h = -4*x - 17 + 1. Is (-8031)/(-15) + h/(-10) a composite number?
True
Suppose 0 = i - 10 - 9. Let c = i - 14. Suppose -4*a - 583 = -c*a. Is a a composite number?
True
Suppose m = -2*m + 15. Suppose n - m = -2. Suppose n*d + 2*c - 481 = 0, -d + 4*d - 476 = -c. Is d prime?
True
Suppose 194 = 32*b - 222. Is b composite?
False
Suppose 19284 = 4*k + 2*j, k + 19284 = 5*k - 2*j. Is k prime?
False
Suppose 0 = 3*h - 1 - 5. Suppose -189 = -4*p - 4*f + 35, -p = h*f - 59. Suppose -p = -2*z + 53. Is z a composite number?
False
Suppose -4*u + 20 = -0*u. Suppose -x + f = 2, -u*x + 3*f = -0*f. Let s = 148 - x. Is s a prime number?
False
Let q be ((-19 + 4)/5)/1. Let y = -43 - q. Let x = 123 - y. Is x prime?
True
Suppose -141999 = -5*b - c, 0 = -4*c + 21 - 5. Is b composite?
True
Is 15732/20 + ((-16)/20)/(-2) prime?
True
Suppose 9 = 6*w + 81. Is (20/w + 2)*537 a prime number?
True
Is (51/1)/(-2 - (-2516)/1252) prime?
False
Let i = 12925 + -3264. Is i prime?
True
Let h(q) = -34*q**2 - 10*q + 24. Let r be h(2). Let o be (-289)/(-2)*(0 - -2). Let w = r + o. Is w a prime number?
True
Is (-38)/(-209) + (-47230)/(-22) a composite number?
True
Let s(d) = -203*d - 6. Is s(-13) composite?
False
Let v = 35 - 45. Let q = v - -10. Suppose q = 23*b - 19*b - 1016. Is b composite?
True
Let k(i) = 2*i**2 - i - 15. Let r be k(-6). Suppose 5*v - r = 212. Is v composite?
True
Let i(y) = y - 1. Let g(o) = o**2 + 10*o - 6. Let w(s) = -g(s) + 6*i(s). Let h be w(-2). Is ((-12)/(-3))/h - -38 composite?
True
Is (26 + -186382)*(-4)/16 a composite number?
False
Suppose u + 11 = -4*d, 3*d = 3*u - 7*u - 5. Let s(a) = 6*a**3 - a**2 - a + 1. Let k be s(u). Suppose 4*j - 426 = -2*g - 92, k*j + 153 = g. Is g prime?
True
Let a be (3 - 85/15)*156. Let z = a - -1197. Is z composite?
True
Let i(y) = -173*y + 2. Let x be 2/(((-6)/(-8))/3). Let d be i(x). Is 1*(-3)/(6/d) composite?
False
Let o(a) = -3*a - 5. Let z be o(-3). Suppose r = z*h - r - 14, 5*r + 11 = 4*h. Suppose -3*b - 3*i + 130 = -296, 3*b = -h*i + 423. Is b a prime number?
False
Let b = -3035 + 5868. Is b composite?
False
Let o = 42 + -46. Is (o + 7)*-1*141/(-9) a composite number?
False
Let c(n) = -n + 7. Suppose -8 - 22 = -3*q + 5*f, 0 = -2*q - 4*f - 2. Let l be c(q). Suppose -l*r - 97 = -3*r. Is r a composite number?
False
Suppose -2 = -2*o + 2. Suppose -41 = -o*k + 641. Is k composite?
True
Let h be 1774 - 5/((-10)/4). Is h/32*2/3 a composite number?
False
Let z(u) = -59*u**2 - u + 1. Let w = -16 + 17. Let f be z(w). Is f/(-1 + (-1 - -1)) prime?
True
Let l(r) = -3903*r + 146. Is l(-5) prime?
True
Let b = -8 - -11. Suppose -3*n + 3*o - 615 = 0, b = -3*o - 0*o. Is (n/(-5))/(1/5) composite?
True
Let r be -6*(1 + (2 - 4)). Let c = r + 0. Let n(v) = 31*v**2 + 2*v - 13. Is n(c) a composite number?
True
Let j(x) = -2*x + 43. Let i be j(19). Suppose -3*t = 4*h - t - 48, i*h = 5*t + 90. Is h a composite number?
True
Suppose -2*y + 60214 = -2*a - 67822, -320125 = -5*y - 2*a. Is y a composite number?
True
Let l be (-964)/(-7) - 2/(-7). Suppose -6 = -4*f + 2*f. Suppose 4*b + 9 = -v + l, f*v + 5*b = 408. Is v composite?
True
Let k(d) = -2818*d**3 - 14*d**2 - 15*d. Is k(-1) a prime number?
True
Let r(y) = 7*y**2 - 93*y + 35. Is r(24) a prime number?
False
Let f(y) = -y**2 - 2*y - 4. Let t be f(-5). Suppose -24*p + 770 = -598. Let o = t + p. Is o prime?
False
Suppose 4*a + 3*c = 5633 + 5098, -3 = -3*c. Let j = a - 1639. Is j composite?
True
Let g(a) be the first derivative of -a**3/3 + 11*a**2/2 - 7*a - 1. Suppose 5*z + 2 = 52. Is g(z) composite?
False
Let g(f) = 2*f**3 + f + 1087. Is g(0) composite?
False
Is (-43596)/(-20) + (-84)/105 prime?
True
Let g(v) = v - 8. Let h(y) = y**3 + 7*y**2 - 11*y - 12. Let d be h(-8). Let s be g(d). Is ((-2)/s)/(1/(-254)) a composite number?
False
Let o(x) = -54*x - 5. Let t(n) = 54*n + 5. Let y(v) = 6*o(v) + 5*t(v). Let l = -20 - -13. Is y(l) a prime number?
True
Is 680*2 + (-5 - -6) a composite number?
False
Let l = -29 + 11. Let b = 9 + l. Is (6/(-4))/(b/3846) a composite number?
False
Let y(c) be the first derivative of -37*c**2/2 + 11*c + 14. Let q be y(-8). Suppose 2*v + 3*v + 3*f - q = 0, -5*f + 305 = 5*v. Is v a composite number?
True
Let p(j) = j**3 - 27*j**2 - 12*j + 28. Let i be p(26). Let b = 3762 + -2264. Let l = i + b. Is l composite?
True
Let j be 20/6*-3*29. Let x = 92 - j. Is x prime?
False
Let n(h) = h**3 - 19*h**2 + 12*h + 1. Let a(o) = -4*o**3 + 58*o**2 - 36*o - 2. Let s(p) = -2*a(p) - 7*n(p). Is s(-8) composite?
True
Let q = 10427 + -1174. Is q a prime number?
False
Let b(s) = s**2 + 8*s - 1. Let x be b(-5). Let f(n) = n + 19. Let i be f(x). Suppose -m + i = -256. Is m 